= -3*f + 12, u*d - 4 = -3*d - f. Let q(w) = w**3 - w**2 - w. Give q(d).
0
Let n(a) = a**2 + 24 - 36 - 4*a + 13. Give n(6).
13
Let j(b) = b**3 - 6*b**2 + b - 2. Let s be ((-11)/22)/((-1)/30). Suppose 135*u - s = 132*u. Give j(u).
-22
Let z(f) be the third derivative of 1/24*f**4 - 2/3*f**3 + 0*f + 0 + 13*f**2. Give z(5).
1
Let a(d) = 4*d**2 + 599*d + 0 + d**3 + 0 - 606*d. Suppose 5*m + 20 = m. Give a(m).
10
Suppose -c - w = -4, -2*w = -4*c + 3*w - 2. Let p be (-8)/(-12)*3/c. Let y(v) be the second derivative of v**4/12 - v**3/3 + v**2/2 + 6*v. Determine y(p).
0
Let m be (0 - 52)*(-4)/16. Let s(n) = -n**2 + 13*n + 6. Let z be s(m). Let y(u) = 3*u + 3. Let g(h) = h. Let w(l) = -5*g(l) + y(l). Give w(z).
-9
Suppose a - 12 = 5*z - 28, 5*z + 5*a = 40. Let b(w) be the second derivative of -3*w + 0 + 0*w**z + 1/20*w**5 - 1/6*w**3 - 1/2*w**2. What is b(-2)?
-7
Suppose l - 2*b = 21, 13*b = -4*l + 16*b + 69. Let x(j) = -j**2 + 15*j - 5. Determine x(l).
-5
Suppose 4*y + 0*y - 24 = 0. Let p(h) = -11*h**3 - 5*h**2 + 7*h - 11. Let t(x) = -3*x**3 + 2*x - 1. Let v(f) = -p(f) + 4*t(f). What is v(y)?
-23
Let u(b) = 2*b**2 - 4*b + 3. Let i be 4/(-11) - (-3120)/1320. What is u(i)?
3
Let u(n) be the first derivative of -n**4/4 + 7*n**3/3 - 2*n**2 - 8*n - 1. Let i be ((-1)/(-2))/((4 - 1)/18). Let c be 9/(1 + i/6). Determine u(c).
4
Let a(b) = -2*b + 4. Let p(k) = -1. Let s(w) = -a(w) - 3*p(w). Let o(z) = -10*z - 6. Let i be o(-1). Suppose -3*g + i = -5. Give s(g).
5
Let m(x) be the second derivative of -x**3/2 + x**2 + 4*x. Let t be 8/14 - (-320)/(-70). Determine m(t).
14
Let w(j) = -2*j - 2. Let l(u) = u + 1. Let p(n) = 13*l(n) + 6*w(n). Calculate p(-6).
-5
Let f be ((-3)/54*-9)/((-2)/(-32)). Let p(l) be the first derivative of -1 - 1/3*l**3 + f*l + 2*l**2. Give p(6).
-4
Let b = -793 + 798. Let n(l) be the second derivative of -1/20*l**b + 0 + 1/2*l**2 - 5*l - 1/6*l**4 + 1/6*l**3. What is n(-2)?
-1
Let p = 54 + -57. Let v(y) = y**2 + 4*y + 3. Determine v(p).
0
Let f be (1 + -1)/(20/10). Suppose f*n = -5*n - 20. Let o(w) = -3*w**2 + 4*w. Let a(r) = -9*r**2 + 11*r. Let v(i) = n*a(i) + 11*o(i). What is v(-2)?
12
Suppose 5*v - 83 = -28. Suppose -4*w - v = 3*k, k - 1 + 6 = -2*w. Let r be 2 + -3 + w + 7. Let f(u) = u**2 - 3*u - 4. Give f(r).
0
Let m(a) = a**2 - 8*a + 4. Let o(y) = -y + 21. Let z = -16 + 20. Suppose -7*c + 45 = -z*c. Let d be o(c). Determine m(d).
-8
Let j(f) = 2*f + 12. Let q(d) = 9*d - 43. Let k be q(4). Give j(k).
-2
Let r(g) = 7*g**3. Suppose 24 = -2*p - 2*p - 2*s, -5*p = s + 33. Let l = -9 - p. Let t be (l - -5) + 14/(-7). Calculate r(t).
7
Let z(a) = -a**3 - 13*a**2 + 2*a + 12. Let v = -468 + 455. Determine z(v).
-14
Let y(z) = -z + 6. Let c be y(3). Let u(d) = 8*d**2 - 6*d - 16. Let b be u(-9). Let w(k) = -5*k + 3*k**2 + 3 + 685*k**3 + 0*k - b*k**3. Give w(c).
-12
Let k(m) = 21 + 24 + m**2 - 4*m + 28 + 19 - 105. Calculate k(6).
-1
Let w(s) = s**3 + s - 7. Let y(x) = -x**3 - x**2 + 10. Let h be y(0). Suppose h*b - 4*b = 0. Calculate w(b).
-7
Suppose 48 = 5*u - 112. Suppose -5*o + 3*h = u, o - h + 10 = 2. Let x(i) = i**3 + 5*i**2 + 3*i - 2. Give x(o).
2
Let x(m) = -44*m**3 - 2*m**2 + 1. Suppose -43 + 34 = 9*j. Determine x(j).
43
Let z(i) be the first derivative of -i**2/2 + 183. Determine z(3).
-3
Let s(j) = j - 7. Let f be -2*(-3)/(24/20). Let c be (8/(-4))/(-1)*f. Suppose 13*i - 15*i = -c. Give s(i).
-2
Suppose 4*s = -0*s - 3*h - 14, s = h - 7. Let n(v) = v**2 + 5*v + 4. Let w(d) = -d**2 - 5*d - 5. Let q(x) = s*n(x) - 4*w(x). Calculate q(-6).
-6
Let a(f) = -3*f + 6. Suppose 4*i - 20 = -0*i. Let w(x) = x. Let r(m) = -7*m + 9. Let q(o) = r(o) + 6*w(o). Let l be q(i). Calculate a(l).
-6
Let v(l) be the first derivative of l**4/12 - l**3/6 - 24*l**2 + 13. Let u(a) be the second derivative of v(a). Calculate u(7).
13
Let t(y) = 2*y**3 - 2*y**2 - 3*y - 1. Suppose 20*a + 65 = 25. What is t(a)?
-19
Let y(j) = -4*j - 37. Let f be y(-10). Let z(n) = n - 7. Determine z(f).
-4
Let y(u) = 10*u - 6. Let n(p) = p - 1. Let i(r) = -5*n(r) + y(r). Let g be (-58)/(-87) - ((-5)/(-3) - 0). Give i(g).
-6
Suppose -3*i + 24 = 6. Let d(r) be the first derivative of -r**2 + 7*r - 580. Give d(i).
-5
Suppose -8 = -2*p + 6. Let m(w) = 3*w**2 + 28*w + 27. Let r(n) = -2*n**2 - 19*n - 18. Let z(b) = p*r(b) + 5*m(b). Determine z(-6).
3
Let l(f) = 14*f + 135 - 120 + 16*f**2 - 2*f**2 + f**3. Calculate l(-13).
2
Let j(m) = 77006*m + 9 - 77011*m - 8 - 10 - 28. Determine j(-5).
-12
Suppose -t + h + 1 = -8, -3*t + 29 = -4*h. Let c(x) = -x**3 + 5*x**2 + 8*x + 6. Calculate c(t).
-36
Let j(b) = 2*b**2 - 4*b + 3. Suppose -2*h + 3*d + d - 20 = 0, -5*h - 58 = -2*d. Suppose -31*t = -38*t + 98. Let y = h + t. What is j(y)?
3
Let q be 2/8 - 2/8. Suppose q = -2*m + m + 2. Let w(o) = -8*o + 2 + 9*o + 0*o**m + o**2. Calculate w(-3).
8
Let i(p) = -5*p - 2*p - 2*p + 4 - 10 + 11. Calculate i(4).
-31
Let o(g) = 3*g**2 - 34*g. Let a(p) = -p**2 + 11*p + 1. Let s(q) = 7*a(q) + 2*o(q). What is s(9)?
7
Let m(a) = 6*a**2 - 10*a - 6. Let b be 30/20*(-20)/6. Let i(h) = -h**2 + h + 1. Let n(g) = b*i(g) - m(g). Let o = 37 - 31. Calculate n(o).
-5
Let n(u) be the first derivative of u**3/3 + 5*u**2/2 - 14*u - 409. Determine n(-10).
36
Let l(c) = 3 - 3*c**2 - c**3 - 3*c**2 + 0. Let a be 5 + 0 + (-28)/(-14). Suppose b + 18 = -3*v, -2*b + a*b = 0. Calculate l(v).
3
Let j(l) = 7*l + 4. Let t be 1/(((-62)/(-5))/(-2) + 6). Give j(t).
-31
Let s(x) be the first derivative of 2*x**2 - 13*x - 256. What is s(3)?
-1
Let q(g) = -2*g + 10*g**2 + 36 - 25*g**2 + 60*g**3 - 59*g**3. Calculate q(15).
6
Let t = 215 + -217. Let g(d) = 0 - d + 0 + 2. What is g(t)?
4
Let x(j) be the second derivative of j**3/3 - 3*j. Let c be (-25 - -28)/(9/6). Determine x(c).
4
Suppose -568*r = -575*r - 42. Let t(w) = -3*w + 2*w - 6 + 3*w - 3*w. What is t(r)?
0
Let m be 39/18 + (-4)/24. Suppose m*y = -2*h + 2, y = 5*y - 4*h - 4. Let z(k) = 2*k**2 - 1. Let o(v) = v**2 - v + 1. Let g(a) = o(a) + z(a). Determine g(y).
2
Let i(v) be the second derivative of v**4/12 + 5*v**3/6 + 3*v**2/2 + 2*v + 182. Determine i(-2).
-3
Let h(n) be the third derivative of n**5/60 - n**4/24 - n**3/3 - 2*n**2. Let k(f) = f**3 + 7*f**2 - 7*f + 10. Let q = 8 - 16. Let w be k(q). Calculate h(w).
0
Let n(g) = -15*g - 7*g**2 + 17*g - 1 + 3*g**2 + 3*g**2 - 9. Calculate n(6).
-34
Let m(f) = 6*f + 1. Suppose 3*z = -2 + 5. Let k = -85 - -83. Let n be k + (z - -1)/2. Determine m(n).
-5
Let m(l) = 2*l - 9. Let i(v) = 2. Let u(k) = -2*i(k) - 2*m(k). What is u(2)?
6
Let b(g) = -12*g + 1. Let p be ((-15)/(-75) - (-2)/(-4))*-10. Calculate b(p).
-35
Let g(f) = 2*f**3 + 9*f**2 - 7*f. Let l be g(-5). Let q(y) = y**2 - 10*y + 3. Give q(l).
3
Let n(l) = 3*l - 3. Let i(r) = -r - 1. Let k(w) = -6*i(w) + 2*n(w). Suppose y = 2*y + 1. What is k(y)?
-12
Let p be (0 + 2)/4*12. Let q(m) = -3*m**2 + 16*m - 13. Suppose 0 = 11*f - 2 + 35. Let j(a) = a**2 - 5*a + 4. Let n(h) = f*q(h) - 8*j(h). Calculate n(p).
-5
Let c(j) = -j. Let g(d) = -15*d + 9. Let v(t) = -7*t + 4. Let b(s) = -4*g(s) + 9*v(s). Let f(z) = 6*b(z) - 17*c(z). Determine f(7).
-7
Let v = 7 + -11. Let f(t) = -1287*t + 1 - 211*t**3 + 4*t**2 + 212*t**3 + 1288*t. Determine f(v).
-3
Suppose -3*v = -v + 6. Let o be ((-1)/v)/(9/108). Let p(b) = b. Let y(c) = -3*c + 3. Let d(w) = 2*p(w) + y(w). Determine d(o).
-1
Let p(m) be the third derivative of -1/6*m**3 + 0 + 0*m + 5*m**2 - 1/6*m**4 - 1/60*m**5. Give p(-5).
-6
Let o(n) = 4*n - 9. Let m(b) = -3*b + 8. Suppose -3*v + 16 = v. Suppose v*d - 3*k - 8 = 0, -2*d + 0*k - 3*k + 4 = 0. Let g(s) = d*o(s) + 3*m(s). What is g(5)?
1
Let u = -1570 - -1571. Let j(l) = 4*l**2 - 3*l + 2. Give j(u).
3
Let p(r) be the first derivative of r**4/4 - 13*r**3/3 + 23*r**2/2 - 19*r - 407. What is p(11)?
-8
Let v(m) = -3*m - 1. Let u(k) = k**2 + 9*k - 13. Let c be u(-10). Let r(i) = 2*i**2 + i - 9. Let a be r(c). Suppose 2*o - a = -8. Determine v(o).
2
Let m = -1 - -1. Let w(f) = -2*f**2 - f + 1. Suppose 5*k + 12 = -3. Let r(d) = -5*d**2 - 4*d - 10. Let q(n) = k*w(n) + r(n). Determine q(m).
-13
Let u(w) be the third derivative of 0 - 1/4*w**4 + 1/10*w**5 + 1/2*w**3 + 1/120*w**6 - 3*w**2 + 0*w. What is u(-7)?
-4
Suppose 299*l = 302*l + 3. Let x(h) = 33*h**3 - h - 1. What is x(l)?
-33
Let i(h) = 5*h - 2. Let j be i(2). 